 {"id":4005,"date":"2018-09-02T12:36:18","date_gmt":"2018-09-02T10:36:18","guid":{"rendered":"http:\/\/cgdauphine.fr\/wp-cgd\/?page_id=4005"},"modified":"2023-04-22T20:53:13","modified_gmt":"2023-04-22T18:53:13","slug":"almanach-imperial-pour-lannee-1810","status":"publish","type":"page","link":"https:\/\/cgdauphine.fr\/wp-cgd\/histoire-du-dauphine\/almanach-imperial-pour-lannee-1810\/","title":{"rendered":"Almanach imp\u00e9rial pour l&#8217;ann\u00e9e 1810"},"content":{"rendered":"\t\t<div data-elementor-type=\"wp-post\" data-elementor-id=\"4005\" class=\"elementor elementor-4005\">\n\t\t\t\t\t\t<div class=\"elementor-inner\">\n\t\t\t\t<div class=\"elementor-section-wrap\">\n\t\t\t\t\t\t\t\t\t<section class=\"elementor-section elementor-top-section elementor-element elementor-element-794926d elementor-section-boxed elementor-section-height-default elementor-section-height-default\" data-id=\"794926d\" data-element_type=\"section\">\n\t\t\t\t\t\t<div class=\"elementor-container elementor-column-gap-default\">\n\t\t\t\t\t\t\t<div class=\"elementor-row\">\n\t\t\t\t\t<div class=\"elementor-column elementor-col-100 elementor-top-column elementor-element elementor-element-397ea45\" data-id=\"397ea45\" data-element_type=\"column\">\n\t\t\t<div class=\"elementor-column-wrap elementor-element-populated\">\n\t\t\t\t\t\t\t<div class=\"elementor-widget-wrap\">\n\t\t\t\t\t\t<div class=\"elementor-element elementor-element-414714e elementor-widget elementor-widget-text-editor\" data-id=\"414714e\" data-element_type=\"widget\" data-widget_type=\"text-editor.default\">\n\t\t\t\t<div class=\"elementor-widget-container\">\n\t\t\t\t\t\t\t\t<div class=\"elementor-text-editor elementor-clearfix\">\n\t\t\t\t<p><span style=\"font-size: large;\">CHAPITRE X: Organisation administrative.<\/span><\/p><p><span style=\"font-size: large;\">D\u00c9PARTEMENT DE L&#8217;ISERE.<\/span><\/p><p>Ce d\u00e9partement est un des trois que forme le Dauphin\u00e9. Il est born\u00e9 au N. par les d\u00e9partements de l&#8217;Ain et du Rh\u00f4ne, \u00e0 l&#8217;E. par ceux du Mont-Blanc et des Hautes-Alpes, au S. par ceux des Hautes-Alpes et de la Dr\u00f4me; ce dernier le borne \u00e0 l&#8217;O. avec ceux de la Loire et du Rh\u00f4ne. Sa superficie est d&#8217;environ 1,648,230 arpens, ou 841,230 hectares; sa population est de 471,660 individus. Il est divis\u00e9 en quatre arrondissemens communaux.<\/p><p>Ce d\u00e9partement, qui fait partie de la troisi\u00e8me s\u00e9rie, et a quatre d\u00e9put\u00e9s d\u00e9lire au Corps l\u00e9gislatif, est compris dans la septi\u00e8me division militaire, la septi\u00e8me cohorte de la l\u00e9gion d&#8217;honneur, la dix-septi\u00e8me conservation des for\u00eats. le dioc\u00e8se et la s\u00e9natorerie de Grenoble, et ressortit \u00e0 la Cour d&#8217;appel de la m\u00eame ville.<\/p><p><span style=\"font-size: large;\">PR\u00c9FECTURE.<\/span><\/p><p>Arrondissement de Grenoble, M. Fourier , Pr\u00e9fet, \u00e0 Grenoble.<br \/>M. Beaufort, Secr\u00e9taire-G\u00e9n\u00e9ral.<br \/>Conseil de Pr\u00e9fecture compos\u00e9 de cinq Membres : Messieurs, Maurel, Girard (Louis), Sayoye-Desgrangettes, Royer, a\u00een\u00e9, Saint-Vallier.<\/p><p>Chefs-lieux des Justices de paix. Allevard, Bourg d&#8217;Oysans, Clelles, Corps, Dom\u00eane, Entraigues, Goncelin, Grenoble, (trois justices de paix), Mens, Monestier de Clermont, Mure (la), Saint Laurent du Pont, Sassenage, Touvet (le), Vif, Villars de Lans, Vizille, Voiron.<\/p><p>M. Renauldon , Maire, \u00e0 Grenoble.<\/p><p><span style=\"font-size: large;\">SOUS-PR\u00c9FECTURE<\/span><\/p><p>Arrondissement de la Tour-du-Pin. M. Sappey, Sous-Pr\u00e9fet, \u00e0 la Tour-du-Pin.<br \/>Chefs-lieux des Justices de paix. : Bourgoin, Cremieu, Grand-Lemps. Morestel, Pont de Beauvoisin (le), Saint Geoire, Tour du Pin (la), Virieu.<\/p><p>Arrondissement de S. Marcellin. M. Grassot, Sous-Pr\u00e9fet, \u00e0 Saint Marcellin.<br \/>Chefs lieux des Justices de paix. Pont en Royans, Rives, Roybon, Saint Etienne de Saint Geoirs, Saint Marcellin, Tullins, Vinay.<\/p><p>Arrondissement de Vienne. M. Rolland de Ravel, Sous-Pr\u00e9fet, \u00e0 Vienne.<br \/>Chefs lieux des Justices de paix. Beaurepaire, C\u00f4te Saint Andr\u00e9 (la), Heyrieu, Meyzieu, Roussillon, Saint Jean de Bournay, Saint Symphorien d&#8217;Ozon, Verpilli\u00e8re (la), Vienne (deux justices de paix).<\/p>\t\t\t\t\t<\/div>\n\t\t\t\t\t\t<\/div>\n\t\t\t\t<\/div>\n\t\t\t\t\t\t<\/div>\n\t\t\t\t\t<\/div>\n\t\t<\/div>\n\t\t\t\t\t\t\t\t<\/div>\n\t\t\t\t\t<\/div>\n\t\t<\/section>\n\t\t\t\t\t\t\t\t\t<\/div>\n\t\t\t<\/div>\n\t\t\t\t\t<\/div>\n\t\t","protected":false},"excerpt":{"rendered":"<p>CHAPITRE X: Organisation administrative. D\u00c9PARTEMENT DE L&#8217;ISERE. Ce d\u00e9partement est un des trois que forme le Dauphin\u00e9. Il est born\u00e9 au N. par les d\u00e9partements de l&#8217;Ain et du Rh\u00f4ne, \u00e0 l&#8217;E. par ceux du Mont-Blanc et des Hautes-Alpes, au S. par ceux des Hautes-Alpes et de la Dr\u00f4me; ce dernier le borne \u00e0 l&#8217;O. avec ceux de la Loire [&hellip;]<\/p>\n","protected":false},"author":1,"featured_media":0,"parent":3560,"menu_order":0,"comment_status":"closed","ping_status":"closed","template":"tpl-full-width.php","meta":[],"_links":{"self":[{"href":"https:\/\/cgdauphine.fr\/wp-cgd\/wp-json\/wp\/v2\/pages\/4005"}],"collection":[{"href":"https:\/\/cgdauphine.fr\/wp-cgd\/wp-json\/wp\/v2\/pages"}],"about":[{"href":"https:\/\/cgdauphine.fr\/wp-cgd\/wp-json\/wp\/v2\/types\/page"}],"author":[{"embeddable":true,"href":"https:\/\/cgdauphine.fr\/wp-cgd\/wp-json\/wp\/v2\/users\/1"}],"replies":[{"embeddable":true,"href":"https:\/\/cgdauphine.fr\/wp-cgd\/wp-json\/wp\/v2\/comments?post=4005"}],"version-history":[{"count":0,"href":"https:\/\/cgdauphine.fr\/wp-cgd\/wp-json\/wp\/v2\/pages\/4005\/revisions"}],"up":[{"embeddable":true,"href":"https:\/\/cgdauphine.fr\/wp-cgd\/wp-json\/wp\/v2\/pages\/3560"}],"wp:attachment":[{"href":"https:\/\/cgdauphine.fr\/wp-cgd\/wp-json\/wp\/v2\/media?parent=4005"}],"curies":[{"name":"wp","href":"https:\/\/api.w.org\/{rel}","templated":true}]}}

Almanach impérial pour l&#8217;année 1810

<div data-elementor-type="wp-post" data-elementor-id="4005" class="elementor elementor-4005">
						<div class="elementor-inner">
				<div class="elementor-section-wrap">
									<section class="elementor-section elementor-top-section elementor-element elementor-element-794926d elementor-section-boxed elementor-section-height-default elementor-section-height-default" data-id="794926d" data-element_type="section">
						<div class="elementor-container elementor-column-gap-default">
							<div class="elementor-row">
					<div class="elementor-column elementor-col-100 elementor-top-column elementor-element elementor-element-397ea45" data-id="397ea45" data-element_type="column">
			<div class="elementor-column-wrap elementor-element-populated">
							<div class="elementor-widget-wrap">
						<div class="elementor-element elementor-element-414714e elementor-widget elementor-widget-text-editor" data-id="414714e" data-element_type="widget" data-widget_type="text-editor.default">
				<div class="elementor-widget-container">
								<div class="elementor-text-editor elementor-clearfix">
				<p><span style="font-size: large;">CHAPITRE X: Organisation administrative.</span></p><p><span style="font-size: large;">DÉPARTEMENT DE L&#8217;ISERE.</span></p><p>Ce département est un des trois que forme le Dauphiné. Il est borné au N. par les départements de l&#8217;Ain et du Rhône, à l&#8217;E. par ceux du Mont-Blanc et des Hautes-Alpes, au S. par ceux des Hautes-Alpes et de la Drôme; ce dernier le borne à l&#8217;O. avec ceux de la Loire et du Rhône. Sa superficie est d&#8217;environ 1,648,230 arpens, ou 841,230 hectares; sa population est de 471,660 individus. Il est divisé en quatre arrondissemens communaux.</p><p>Ce département, qui fait partie de la troisième série, et a quatre députés délire au Corps législatif, est compris dans la septième division militaire, la septième cohorte de la légion d&#8217;honneur, la dix-septième conservation des forêts. le diocèse et la sénatorerie de Grenoble, et ressortit à la Cour d&#8217;appel de la même ville.</p><p><span style="font-size: large;">PRÉFECTURE.</span></p><p>Arrondissement de Grenoble, M. Fourier , Préfet, à Grenoble.<br />M. Beaufort, Secrétaire-Général.<br />Conseil de Préfecture composé de cinq Membres : Messieurs, Maurel, Girard (Louis), Sayoye-Desgrangettes, Royer, aîné, Saint-Vallier.</p><p>Chefs-lieux des Justices de paix. Allevard, Bourg d&#8217;Oysans, Clelles, Corps, Domêne, Entraigues, Goncelin, Grenoble, (trois justices de paix), Mens, Monestier de Clermont, Mure (la), Saint Laurent du Pont, Sassenage, Touvet (le), Vif, Villars de Lans, Vizille, Voiron.</p><p>M. Renauldon , Maire, à Grenoble.</p><p><span style="font-size: large;">SOUS-PRÉFECTURE</span></p><p>Arrondissement de la Tour-du-Pin. M. Sappey, Sous-Préfet, à la Tour-du-Pin.<br />Chefs-lieux des Justices de paix. : Bourgoin, Cremieu, Grand-Lemps. Morestel, Pont de Beauvoisin (le), Saint Geoire, Tour du Pin (la), Virieu.</p><p>Arrondissement de S. Marcellin. M. Grassot, Sous-Préfet, à Saint Marcellin.<br />Chefs lieux des Justices de paix. Pont en Royans, Rives, Roybon, Saint Etienne de Saint Geoirs, Saint Marcellin, Tullins, Vinay.</p><p>Arrondissement de Vienne. M. Rolland de Ravel, Sous-Préfet, à Vienne.<br />Chefs lieux des Justices de paix. Beaurepaire, Côte Saint André (la), Heyrieu, Meyzieu, Roussillon, Saint Jean de Bournay, Saint Symphorien d&#8217;Ozon, Verpillière (la), Vienne (deux justices de paix).</p>					</div>
						</div>
				</div>
						</div>
					</div>
		</div>
								</div>
					</div>
		</section>
									</div>
			</div>
					</div>

<p>CHAPITRE X: Organisation administrative. DÉPARTEMENT DE L&#8217;ISERE. Ce département est un des trois que forme le Dauphiné. Il est borné au N. par les départements de l&#8217;Ain et du Rhône, à l&#8217;E. par ceux du Mont-Blanc et des Hautes-Alpes, au S. par ceux des Hautes-Alpes et de la Drôme; ce dernier le borne à l&#8217;O. avec ceux de la Loire [&hellip;]</p>
